 List the prime factors of a.
2, 3
Let o(l) = 682*l + 149. What are the prime factors of o(15)?
97, 107
Suppose 3*n + 0*n - 18 = -3*t, -n - 2*t = -7. Suppose -w - w = -5*z + 3031, -2*w + 3039 = n*z. What are the prime factors of z?
607
Let j(w) = 6*w**2 + 0 + 2 + 2 - 11. Let u = -23 - -28. What are the prime factors of j(u)?
11, 13
Let d(w) = -9 - 18*w - 5 + w**2 + 6 - 15. What are the prime factors of d(-11)?
2, 37
Let g(m) = 5*m + 10. Let k be g(-3). List the prime factors of (12586/(-155))/(1/k).
2, 7, 29
Let b = -7781 + 11971. List the prime factors of b.
2, 5, 419
Suppose 54*k + 54021 = 56*k + 3*f, 2*f = -k + 27008. List the prime factors of k.
2, 3, 19, 79
Suppose -2*o - 261 = 145. Let p(z) = 4*z**2 + 5*z - 14. Let w be p(10). Let t = o + w. What are the prime factors of t?
233
Let z = 84185 + -54682. What are the prime factors of z?
163, 181
Let l = 61361 - 23566. List the prime factors of l.
5, 7559
Let k be -10 + (6 - 0) - 411. What are the prime factors of -2 - 2 - -5 - k?
2, 13
Let n(g) = 5*g**3 - 182*g**2 + 25*g + 24. List the prime factors of n(38).
2, 6263
Suppose -8*o = -13*o + 10. Suppose 2*q + 2 = 0, 0 = -8*f + 5*f + o*q + 2468. What are the prime factors of f?
2, 3, 137
Let b(i) = i**3 - 9*i**2 + 13*i - 185. List the prime factors of b(29).
2, 4253
Let g(c) = -3 - 2 - 10 + 3*c**2 - 16 + 26*c. List the prime factors of g(9).
2, 223
Suppose -58*x = -53*x. Suppose 97*y - 96*y - 241 = x. What are the prime factors of y?
241
Let x = -41 + 23. Let j be (-4)/x - 1040/(-180). List the prime factors of (-16 - -13)*(-122)/j.
61
Suppose 36889 + 56657 = 6*r. List the prime factors of r.
3, 5197
Let o(y) = -y**2 + 4*y + 9. Let c be o(5). Suppose -c = -u, 2*u = 4*t + 3*u - 8. What are the prime factors of -1*t*(5 - 95)?
2, 3, 5
List the prime factors of (-34)/((-204)/39717) - 2*3/12.
6619
Let k = -85 - -88. Suppose 0 = k*v + 43 - 64. List the prime factors of v.
7
Suppose -5*d - 3637 = -4*x - 0*d, 0 = -x - 2*d + 906. Suppose a - x = -177. List the prime factors of a.
17, 43
Suppose 3990 = -91*g + 98*g. Let w = g + -533. List the prime factors of w.
37
Let b(p) = -13*p + 8. Let r(u) = -13*u + 8. Let a(n) = 5*b(n) - 4*r(n). Let s be a(-4). Let c = 142 - s. List the prime factors of c.
2, 41
Suppose 36 - 61 = -5*z. Suppose -g = z*n - 113 - 505, -n - g = -122. What are the prime factors of n?
2, 31
Suppose 13*t + 36 = 9*t. What are the prime factors of 13*t/(45/(-125))?
5, 13
List the prime factors of (39/12 - 4)/((-1)/7556).
3, 1889
Suppose 4*p = -3*d + 30393, 0 = 19*p - 15*p + 5*d - 30399. List the prime factors of p.
2, 3, 211
Suppose 0 = 127*i - 3052357 - 6516204. What are the prime factors of i?
59, 1277
Let v = -7319 - -15432. What are the prime factors of v?
7, 19, 61
Let m = 14086 - 5446. List the prime factors of m.
2, 3, 5
Suppose 3*a - 9 = -5*w + 3, -w = a - 2. List the prime factors of (-262091)/(-447) - ((-2)/(-3))/a.
587
What are the prime factors of -6 - ((-14)/(-98) + (-13)/(-7))*-2234?
2, 23, 97
Suppose -49 = -a - 44. Suppose a*y = -15, -2*y - y + 1503 = 3*q. What are the prime factors of q?
2, 3, 7
Let q be (-105)/(-30)*(-1 - (-15)/7). Suppose 20 = l - 4*i, -i - 106 = -q*l + 2*i. Suppose -167 - l = -5*a. List the prime factors of a.
3, 13
Let x(p) = -p**2 + 16*p - 36. Let d be x(12). Suppose 0 = -d*t + 9*t + 894. List the prime factors of t.
2, 149
Suppose 2*y + 1825 = 3*j, -210 = -5*j - y + 2810. Suppose -4*z = -16, -8*m + 5*m - 2*z = -j. List the prime factors of m.
199
Let o(r) = -21*r + 166. Let m(l) = 19*l - 165. Let u(n) = 5*m(n) + 6*o(n). What are the prime factors of u(-7)?
2, 97
What are the prime factors of (-6 + 3)/(((-12)/(-35410))/(78/(-195)))?
3541
Suppose o - 1514 = -5*i, -4*i + 7539 - 1547 = 4*o. List the prime factors of o.
2, 3, 83
Let r = -18 - -16. Let y(t) = -16*t**3 - t**2 + 1. Let k be y(r). Suppose 5*p + k = 5*j, -4*j = -3*j + 4*p - 50. List the prime factors of j.
2, 3, 5
Suppose -7*z + z + 24 = 0. Suppose v = 3*q - 89 - 51, -z*q + 5*v = -172. Suppose q = 28*p - 24*p. List the prime factors of p.
2, 3
Suppose -5*z - 2*p = -0*z - 29, 0 = 4*z + 5*p - 13. Suppose 5*l - 11 = 9. Suppose -z*f + 2*u + 287 = -4*f, -l*u + 91 = f. List the prime factors of f.
5, 19
Let h be (-626)/14 - 3*6/63. Let q be (h/10)/9*(1 + -3). What are the prime factors of ((33/5)/q)/((-4)/(-20))?
3, 11
Let v(i) = -i**3 + 11*i**2 + 10*i + 34. Let q be v(12). Let w(c) = 22*c + 12. Let g be w(q). Suppose 0 = 42*r - 38*r - g. List the prime factors of r.
2, 29
Suppose -h = 101 + 38. Let n = 145 - h. What are the prime factors of n?
2, 71
Suppose -n + 17136 = 5*g, 173*g - 178*g - 15 = 0. List the prime factors of n.
3, 5717
Suppose -261*w + 1764226 = -7425185 - 974190. List the prime factors of w.
7, 5563
Suppose -5444 = -12*v + 1288. Suppose v = 4*h - 4*k - 747, 3*h + 3*k - 999 = 0. List the prime factors of h.
2, 3, 5, 11
Suppose -584*t = -389*t - 4916145. What are the prime factors of t?
17, 1483
Let w(t) be the first derivative of 59*t - 7/2*t**2 - 41. List the prime factors of w(-10).
3, 43
Suppose 27*m = -450094 + 651042 + 644233. What are the prime factors of m?
23, 1361
Let b be ((-4710)/(-45))/(2/3). Suppose 4*s + y - 220 = -3*y, y - b = -3*s. Let a = -8 + s. List the prime factors of a.
43
Let l be 3/9 + 10680/(-18). Let p = l - -311. List the prime factors of p/(-8) - (-10)/(-8).
2, 17
Suppose 19690 = 2*b - t, -90*t = b - 88*t - 9845. What are the prime factors of b?
5, 11, 179
Let t(j) = 260*j - 2043. List the prime factors of t(39).
3, 2699
Let z(b) = b**2 - 21. Let p be z(5). What are the prime factors of (p/(-6))/((-60)/12330)?
137
Let p = 438 + -718. Let x = -630 + 1057. Let d = x + p. What are the prime factors of d?
3, 7
List the prime factors of -4 + -2 - 4/(28/(-54943)).
11, 23, 31
Suppose -13 = -5*v + 67. Let t(n) = n**3 - 15*n**2 - 15*n - 14. Let g be t(v). List the prime factors of 108/2 + (-4)/g.
2, 13
Let l = -223 - -207. List the prime factors of (-1573)/(-3) + l/(-24).
3, 5, 7
Let u(f) = 2*f**2 + 5*f + 8. Suppose 2*a + 41 = -5*t, 0*t + 10 = -t - a. Let k be u(t). Let z = k - -23. What are the prime factors of z?
2, 47
List the prime factors of (819*19 - 1) + (6 - -16 - 23).
15559
Let p = 623 - 635. Let x be (44/(-5))/(3/(-195)). List the prime factors of (-1)/(139/x + p/48).
11, 13
Suppose -20*v - 16800 - 1580 = 0. What are the prime factors of -5 - -3 - 0 - v - -2?
919
Suppose 7*k = 5*l - 163085, 85*l - 3*k = 80*l + 163085. List the prime factors of l.
13, 193
Let s be (0*(-1)/6)/2 + 12032. Suppose -24*x - 8 = -s. List the prime factors of x.
3, 167
Let z be -1*94/(-18) + (-2)/9. Suppose -5*t + 17 = a, -t - 4*a + z = -2*t. List the prime factors of (2 - (-4)/(-16)*t)*4.
5
Let d be 5 - (-17)/((-136)/(-688)). Suppose d*c + 662 = 92*c. What are the prime factors of c?
2, 331
Suppose 0 = -2*r + 3*b + 27, 2*r + 4*b - 2*b = 12. Let f(j) = -5*j + 6 + r + 4*j. List the prime factors of f(-8).
23
Let r = -99 + 106. Let b(k) = 15*k - r*k + 15 - 13*k - 5*k. List the prime factors of b(-13).
5, 29
Let b = 7220 - 1178. Suppose 2*q = 7*q - 3*c - b, -2*c = q - 1198. What are the prime factors of q?
2, 3, 67
Let j(k) = -2*k**3 - 36*k**2 + 37*k - 80. Let h be j(-26). Suppose 57714 = 47*a + h. List the prime factors of a.
2, 3, 5, 17
Let u = 36489 - 24590. What are the prime factors of u?
73, 163
Suppose 4*b = o - 5602, 0 = -3*o + 12*b - 8*b + 16790. List the prime factors of o.
2, 2797
Let n be -2 + 1660/(4 - 2). Let q(u) = -25*u + 278. Let l be q(11). Suppose 1056 = 5*p - 2*r, -p = l*p + 4*r - n. What are the prime factors of p?
2, 3, 5, 7
Suppose 157*x - 155*x = 1346. Let l = x - -195. List the prime factors of l.
2, 7, 31
Let f = -78 + 68. What are the prime factors of f/4*-154 - (-1 - -3)?
383
Let y(b) = -11*b**3 - 7*b**2 + b - 12. Let o(h) = -2*h**3 - h - 2. Let g(f) = 5*o(f) - y(f). List the prime factors of g(5).
2, 17
Let p(r) = -7*r**2 - 6*r**2 + 5 + 0*r**2 - 4*r + 14*r**2. Let x be p(4). Suppose -x*v + 70 = -0*v. What are the prime factors of v?
2, 7
Let b be (1 + -5)/(-2*6/(-2916)). Let o = 1504 + b. What are the prime factors of o?
2, 7, 19
Suppose 12*k - 3 = 9*k, 5*y + 3490 = 5*k. Let l = y - -1362. What are the prime factors of l?
5, 7, 19
Let l(w) = -28643*w + 776. List the prime factors of l(-1).
13, 31, 7